8
Let a(t) = 467*t + 78480. Calculate a(-168).
24
Let a(q) = q**2 - 25*q + 39. Calculate a(23).
-7
Let b(c) = 7*c**3 + 61*c**2 + 180*c + 1784. Give b(-9).
2
Let q(j) = -16*j**3 + j**2 + 2*j + 6. What is q(-2)?
134
Let z(h) = -h**3 - 4*h**2 + 8*h. What is z(2)?
-8
Let f(m) = m**2 - 48*m + 81. Calculate f(46).
-11
Let y(t) = -t**2 + 29*t + 182. Determine y(34).
12
Let c(t) = 6*t**2 + 20*t - 21. Determine c(2).
43
Let p(t) = 21*t + 501. What is p(-33)?
-192
Let r(c) = 200*c + 25626. Give r(-128).
26
Let m(t) = t**2 - 28*t + 334. Give m(9).
163
Let m(x) = 25*x - 262. Give m(15).
113
Let t(y) = -y**3 - 24*y**2 - 10*y + 54. Calculate t(-24).
294
Let j(d) = 28109*d + 337311. Give j(-12).
3
Let o(u) = -45*u - 3192. Give o(-79).
363
Let h(r) = -r**2 - 32*r - 134. What is h(-26)?
22
Let a(d) = 34*d**3 - 139*d**2 + 13*d - 6. Calculate a(4).
-2
Let m(r) = -27*r - 33. Calculate m(-3).
48
Let n(r) = -6*r**2 - 201*r - 284. Give n(-32).
4
Let n(l) = l**2 - 35*l + 44. Determine n(34).
10
Let u(m) = -m**3 + 13*m**2 - 24*m. Calculate u(2).
-4
Let h(j) = -20*j + 473. What is h(-8)?
633
Let f(y) = 17*y - 686. What is f(52)?
198
Let n(g) = -g**2 + 23*g - 107. Calculate n(6).
-5
Let c(y) = -y**3 - 64*y**2 - 130*y - 107. Give c(-62).
265
Let g(k) = -k**3 + 5*k**2 - 4*k + 1. Determine g(3).
7
Let k(l) = 2*l**3 + 66*l**2 + 58*l - 190. What is k(-32)?
2
Let t(q) = -256*q - 1391. What is t(-6)?
145
Let a(z) = 36*z - 50. Determine a(3).
58
Let n(w) = -65*w - 5010. Calculate n(-77).
-5
Let w(l) = l**2 - 379. Determine w(20).
21
Let l(m) = -4794*m - 43152. Calculate l(-9).
-6
Let f(c) = 91*c - 463. Give f(5).
-8
Let l(b) = -b**3 - 10*b**2 + 13*b - 15. Calculate l(-12).
117
Let d(n) = -n**2 + 49*n - 415. Determine d(37).
29
Let r(m) = m**2 - 61*m + 970. Give r(30).
40
Let l(y) = 41*y**2 - 6*y + 3. Give l(0).
3
Let o(w) = -25*w**2 - 56*w - 20. Give o(-1).
11
Let z(q) = -64*q**2 + 7413*q + 1274. Determine z(116).
-2
Let f(k) = 5*k**2 - 1239*k - 240. What is f(248)?
8
Let n(k) = -13*k**2 + 106*k - 5. Give n(8).
11
Let y(d) = 3*d**3 + 278*d**2 - 90*d + 175. Determine y(-93).
-104
Let j(v) = -v**2 - 787*v - 49551. Give j(-69).
-9
Let o(n) = -15*n**2 - 76*n - 5. Calculate o(-6).
-89
Let o(r) = -3*r**2 + 126*r + 1349. Give o(51).
-28
Let m(f) = -f**3 - 5*f**2 + 19*f + 9. What is m(-7)?
-26
Let h(q) = q**2 + 486*q + 4278. Calculate h(-9).
-15
Let h(j) = 22*j + 512. Calculate h(-24).
-16
Let p(o) = 2*o**2 - 44*o + 131. Give p(19).
17
Let r(p) = -p**2 - 30*p + 3740. Give r(48).
-4
Let f(j) = j**3 - 6*j**2 + j - 5. Determine f(6).
1
Let l(g) = 54*g + 45. Determine l(0).
45
Let d(k) = k**3 + 12*k**2 - 16*k - 13. Determine d(-13).
26
Let f(g) = 13*g**2 + 2808*g + 4. Calculate f(-216).
4
Let z(x) = -x**3 - 3*x**2 + 16*x - 5. Determine z(4).
-53
Let r(s) = 4*s**2 + 30*s + 63. What is r(-5)?
13
Let f(p) = -6*p**3 - p**2 + 54*p + 152. Determine f(-3).
143
Let k(n) = 2*n**2 - 128*n - 2951. Give k(-18).
1
Let m(x) = -x**3 + 18*x**2 - 9*x + 84. What is m(18)?
-78
Let y(g) = g**2 - 51*g + 381. Determine y(42).
3
Let r(u) = -2*u**2 - 83*u - 818. What is r(-23)?
33
Let m(a) = -7*a + 225. What is m(30)?
15
Let x(w) = 300*w - 273. Calculate x(2).
327
Let z(p) = 14*p**2 + 3*p + 13. Calculate z(-2).
63
Let c(b) = 3*b**3 - 30*b**2 + 68*b - 620. Calculate c(10).
60
Let d(u) = u**2 + 367*u - 3379. Give d(9).
5
Let b(s) = -s**3 - 34*s**2 + 41*s + 1392. Calculate b(-34).
-2
Let o(l) = -40*l - 158. Give o(-4).
2
Let p(j) = -5*j - 184. Calculate p(-41).
21
Let j(g) = g**2 - 71*g + 411. Determine j(65).
21
Let i(f) = 13*f + 301. Give i(-13).
132
Let o(i) = -i**2 + 178*i + 1267. Determine o(-7).
-28
Let a(m) = 30*m - 172. Give a(23).
518
Let z(l) = -l**3 + 28*l**2 - 25*l - 49. What is z(27)?
5
Let u(h) = -h**2 + 95*h - 714. Calculate u(8).
-18
Let i(h) = -2*h**3 - 402*h**2 + 800*h + 18. Determine i(2).
-6
Let q(t) = 61*t - 239. Determine q(4).
5
Let p(b) = -b**2 + 135*b - 669. Determine p(5).
-19
Let g(x) = x**2 - 53*x + 238. Determine g(48).
-2
Let s(j) = 54*j + 480. Determine s(-9).
-6
Let z(j) = j**3 + 17*j**2 - 12*j - 4. Calculate z(-18).
-112
Let h(z) = z**3 - 44*z**2 - 1038*z + 83. Give h(61).
22
Let n(s) = 9*s**3 + 91*s**2 + 10*s + 6. Give n(-10).
6
Let p(o) = 407*o - 14162. Determine p(35).
83
Let n(t) = -3*t**2 - 29*t + 11. What is n(-12)?
-73
Let m(b) = 336*b - 362. Calculate m(1).
-26
Let s(z) = z**2 - 21*z + 80. Give s(9).
-28
Let k(p) = -p**2 + 87*p - 1211. Give k(70).
-21
Let b(a) = 20*a - 122. What is b(5)?
-22
Let y(i) = -227*i**2 + 1363*i - 21. Determine y(6).
-15
Let c(i) = -205*i**2 + 11*i - 10. Calculate c(1).
-204
Let t(i) = 5*i**2 - 80*i - 285. Give t(-3).
0
Let b(a) = -6*a**2 + 414*a - 1553. Calculate b(4).
7
Let i(j) = 367*j - 11506. Give i(31).
-129
Let o(s) = s**2 + 114*s + 1093. Calculate o(-103).
-40
Let d(n) = -n**3 + 61*n**2 - 64*n + 246. Determine d(60).
6
Let u(l) = -4097*l - 36870. Determine u(-9).
3
Let k(g) = 77*g**2 - 7*g - 6. Determine k(-1).
78
Let u(y) = -2*y**3 - 16*y**2 - 9. Give u(-8).
-9
Let l(g) = -g**2 + 9*g - 4. Calculate l(5).
16
Let l(n) = n**3 - 4*n**2 + 8*n + 33. Calculate l(4).
65
Let g(y) = 7*y**2 + 181*y + 74. Determine g(-24).
-238
Let p(t) = -t**3 - 78*t**2 + 155*t - 401. Give p(-80).
-1
Let q(y) = -y**2 - 174*y - 6667. What is q(-57)?
2
Let j(x) = x**3 - 22*x**2 + 90*x + 129. What is j(16)?
33
Let m(z) = z**3 - 10*z**2 + 48*z - 345. Determine m(9).
6
Let l(u) = -61*u - 15. What is l(0)?
-15
Let t(q) = q**3 + 43*q**2 - 214*q + 1256. Give t(-48).
8
Let d(f) = 2*f**2 + 117*f - 665. Give d(-64).
39
Let z(l) = 3573*l - 7154. Give z(2).
-8
Let m(s) = -s**3 + 12*s**2 - 20*s - 6. Determine m(3).
15
Let f(c) = -48*c + 639. Give f(13).
15
Let x(z) = -3*z**2 + 14*z + 49. Calculate x(-5).
-96
Let b(k) = -46*k - 1568. What is b(-34)?
-4
Let n(u) = 3814*u - 30512. Calculate n(8).
0
Let z(d) = 2*d**2 - 36. What is z(-13)?
302
Let a(s) = -2*s**3 - 46*s**2 - 2*s + 49. What is a(-23)?
95
Let f(w) = w**3 + 13*w**2 - 294*w - 67. Calculate f(12).
5
Let k(x) = x**3 - 96*x**2 - 11*x + 1055. Calculate k(96).
-1
Let x(d) = -10*d**2 + 187*d - 808. Determine x(12).
-4
Let q(p) = 2*p**3 + 22*p**2 + 14*p + 66. Determine q(-9).
264
Let z(s) = -8*s - 61. Determine z(-6).
-13
Let b(m) = 407*m - 10663. Determine b(26).
-81
Let t(m) = -m**2 + 17*m - 6. Give t(16).
10
Let b(r) = 6*r**2 - 96*r + 92. What is b(14)?
-76
Let m(u) = -2870*u - 28700. Calculate m(-10).
0
Let r(x) = -166*x. What is r(0)?
0
Let k(n) = 73*n**3 - 3*n**2 - n + 13. Calculate k(0).
13
Let b(n) = -n**3 + 43*n**2 + 42*n - 15. Give b(44).
-103
Let g(j) = 2*j**3 + 119*j**2 - 61*j - 67. What is g(-60)?
-7
Let q(m) = -337*m + 2622. Give q(8).
-74
Let v(m) = -208*m + 852. What is v(4)?
20
Let k(a) = 14*a + 118. Give k(-8).
6
Let v(h) = -h**2 - 3*h + 42. What is v(9)?
-66
Let v(z) = -78*z - 153. Calculate v(-2).
3
Let c(q) = -4*q**2 - 15*q - 69. What is c(-4)?
-73
Let h(w) = 41*w**3 - w**2 - 14*w - 12. What is h(-1)?
-40
Let c(r) = 12*r + 191. Calculate c(-13).
35
Let n(s) = -106*s - 1915. What is n(-18)?
-7
Let i(h) = h**2 - 50*h + 293. Give i(20).
-307
Let g(s) = -s**3 - 53*s**2 - 146*s + 199. What is g(-50)?
-1
Let f(b) = -21*b**2 - 46*b - 5. Give f(-4).
-157
Let b(t) = 241*t - 12. Determine b(0).
-12
Let o(b) = -95*b - 167. Determine o(-2).
23
Let o(t) = -t**2 + 28*t + 147. What is o(30)?
87
Let x(o) = 3*o**3 - 20*o**2 - 35*o + 214. What is x(7)?
18
Let l(r) = 14*r**3 - 16*r**2 - 35*r + 20. What is l(2)?
-2
Let p(q) = -2*q**3 + 67*q**2 - 69*q - 854. Calculate p(32).
10
Let z(d) = -d**3 + 2*d**2 + 40*d - 131. Determine z(5).
-6
Let c(a) = -2*a**3 - 42*a**2 + 37*a - 61. What is c(-22)?
93
Let i(z) = z**3 - 10*z**2 - 26*z + 20. Calculate i(12).
-4
Let b(n) = 163*n - 21521. Give b(132).
-5
Let p(s) = -1048*s - 16822. Determine p(-16).
-54
Let r(x) = 98*x + 13. Give r(-1).
-85
Let o(t) = -10*t + 71. Give o(18).
-109
Let g(q) = -71*q + 3203. Give g(45).
8
Let y(t) = t**3 + 2*t**2 - 66*t - 4. Calculate y(-9).
23
Let k(p) = 22*p - 389. Give k(12).
-125
Let l(r) = 5*r**3 + 29*r**2 + 21*r + 1. Determine l(-5).
-4
Let l(p) = -p**3 - 25*p**2 - 105*p - 23. What is l(-12)?
-635
Let g(a) = 1837*a + 1838. Determine g(-1).
1
Let a(v) = 12*v**2 + 4*v + 3. Determine a(-1).
11
Let t(p) = 30*p**2 - 11*p + 152. Give t(0).
152
Let g(a) = 143